{"id":683,"date":"2018-04-18T12:27:14","date_gmt":"2018-04-18T12:27:14","guid":{"rendered":"http:\/\/www.ag-jugendpflege.de\/?page_id=683"},"modified":"2024-05-21T14:34:28","modified_gmt":"2024-05-21T14:34:28","slug":"sprecher-geschaeftsfuehrung","status":"publish","type":"page","link":"https:\/\/www.ag-jugendpflege.de\/?page_id=683","title":{"rendered":"Gesch\u00e4ftsf\u00fchrung der AG Jugendpflege"},"content":{"rendered":"<p><em>Gesch\u00e4ftsf\u00fchrung der AG Jugendpflege:<\/em><\/p>\n<ul>\n<li><strong>Maximilian Kimmlingen<\/strong>,\u00a0 Sprecher<br \/>\n06502 \/ 981 0511<br \/>\nmaximilian.kimmlingen@jugendbuero-schweich.de<\/li>\n<li><strong>Jennifer Leisen<\/strong>,\u00a0 Sprecherin<br \/>\n06500 \/ 918 031<br \/>\njennifer.leisen@ruwer.de<\/li>\n<li><strong>Dominic Kr\u00e4mer<\/strong>, Gesch\u00e4ftsf\u00fchrung<br \/>\n06503 \/ 809 300<br \/>\njugend@hermeskeil.de<\/li>\n<li><strong>Johannes Weier<\/strong>, Gesch\u00e4ftsf\u00fchrung<br \/>\n0651 \/ 979 8324<br \/>\njugendpflege@trier-land.de<\/li>\n<\/ul>\n","protected":false},"excerpt":{"rendered":"<p>Gesch\u00e4ftsf\u00fchrung der AG Jugendpflege: Maximilian Kimmlingen,\u00a0 Sprecher 06502 \/ 981 0511 maximilian.kimmlingen@jugendbuero-schweich.de Jennifer Leisen,\u00a0 Sprecherin 06500 \/ 918 031 jennifer.leisen@ruwer.de Dominic Kr\u00e4mer, Gesch\u00e4ftsf\u00fchrung 06503 \/ 809 300 jugend@hermeskeil.de Johannes Weier, Gesch\u00e4ftsf\u00fchrung 0651 \/ 979 8324 jugendpflege@trier-land.de<\/p>\n","protected":false},"author":3,"featured_media":0,"parent":43,"menu_order":1,"comment_status":"closed","ping_status":"closed","template":"","meta":{"footnotes":""},"class_list":["post-683","page","type-page","status-publish","hentry"],"_links":{"self":[{"href":"https:\/\/www.ag-jugendpflege.de\/index.php?rest_route=\/wp\/v2\/pages\/683","targetHints":{"allow":["GET"]}}],"collection":[{"href":"https:\/\/www.ag-jugendpflege.de\/index.php?rest_route=\/wp\/v2\/pages"}],"about":[{"href":"https:\/\/www.ag-jugendpflege.de\/index.php?rest_route=\/wp\/v2\/types\/page"}],"author":[{"embeddable":true,"href":"https:\/\/www.ag-jugendpflege.de\/index.php?rest_route=\/wp\/v2\/users\/3"}],"replies":[{"embeddable":true,"href":"https:\/\/www.ag-jugendpflege.de\/index.php?rest_route=%2Fwp%2Fv2%2Fcomments&post=683"}],"version-history":[{"count":12,"href":"https:\/\/www.ag-jugendpflege.de\/index.php?rest_route=\/wp\/v2\/pages\/683\/revisions"}],"predecessor-version":[{"id":904,"href":"https:\/\/www.ag-jugendpflege.de\/index.php?rest_route=\/wp\/v2\/pages\/683\/revisions\/904"}],"up":[{"embeddable":true,"href":"https:\/\/www.ag-jugendpflege.de\/index.php?rest_route=\/wp\/v2\/pages\/43"}],"wp:attachment":[{"href":"https:\/\/www.ag-jugendpflege.de\/index.php?rest_route=%2Fwp%2Fv2%2Fmedia&parent=683"}],"curies":[{"name":"wp","href":"https:\/\/api.w.org\/{rel}","templated":true}]}}

Geschäftsführung der AG Jugendpflege

<p><em>Geschäftsführung der AG Jugendpflege:</em></p>
<ul>
<li><strong>Maximilian Kimmlingen</strong>,  Sprecher<br />
06502 / 981 0511<br />
maximilian.kimmlingen@jugendbuero-schweich.de</li>
<li><strong>Jennifer Leisen</strong>,  Sprecherin<br />
06500 / 918 031<br />
jennifer.leisen@ruwer.de</li>
<li><strong>Dominic Krämer</strong>, Geschäftsführung<br />
06503 / 809 300<br />
jugend@hermeskeil.de</li>
<li><strong>Johannes Weier</strong>, Geschäftsführung<br />
0651 / 979 8324<br />
jugendpflege@trier-land.de</li>
</ul>

<p>Geschäftsführung der AG Jugendpflege: Maximilian Kimmlingen,  Sprecher 06502 / 981 0511 maximilian.kimmlingen@jugendbuero-schweich.de Jennifer Leisen,  Sprecherin 06500 / 918 031 jennifer.leisen@ruwer.de Dominic Krämer, Geschäftsführung 06503 / 809 300 jugend@hermeskeil.de Johannes Weier, Geschäftsführung 0651 / 979 8324 jugendpflege@trier-land.de</p>
