{"id":46,"date":"2015-12-17T14:35:48","date_gmt":"2015-12-17T14:35:48","guid":{"rendered":"http:\/\/www.ag-jugendpflege.de\/wordpress\/?page_id=46"},"modified":"2016-01-22T14:59:42","modified_gmt":"2016-01-22T14:59:42","slug":"grusswort-landrat","status":"publish","type":"page","link":"https:\/\/www.ag-jugendpflege.de\/?page_id=46","title":{"rendered":"Gru\u00dfwort Landrat"},"content":{"rendered":"<table border=\"0\" width=\"650\" cellspacing=\"0\">\n<tbody>\n<tr>\n<td colspan=\"3\"><strong>Gru\u00dfwort des Landerates<\/strong><\/td>\n<\/tr>\n<tr valign=\"top\">\n<td align=\"left\" valign=\"top\">Die Einrichtungen der Kinder- und Jugendarbeit als Erfahrungs- und Bildungsorte der Jugendhilfe im Landkreis Trier-Saarburg richten sich an alle Kinder, Jugendliche und junge Erwachsene, unabh\u00e4ngig von ihrer sozialen, ethnschen und kulturellen Zugeh\u00f6rigkeit. Sie f\u00f6rdern mit ihren Angeboten sozialen Zusammenhalt und gegenseitige Verst\u00e4ndigung. Sie sind zugleich Orte und Ausgangspunkte f\u00fcr die Beteiligung von Kindern und Jugendlichen, f\u00f6rdern soziales Engagement und gesellschaftliche Mitverantwortung. Nach dem so genannten \u201ePISA-Schock&#8221; wurde der Ruf nach einem ganzheitlichen Bildungsverst\u00e4ndnis, das \u00fcber den leistungsorientierten Schulbereich hinaus auf die St\u00e4rkung der gesamten Pers\u00f6nlichkeit abzielt, laut. Gerade in Zeiten, in denen das sozial-kulturelle Klima mitunter st\u00fcrmischer wird und tradierten Normen und Werte teilweise nicht mehr selbstverst\u00e4ndlich\u00a0sind, sind die Erfahrungs- und Bildungsorte<\/td>\n<td valign=\"top\">\u00a0<\/td>\n<td valign=\"top\"><img loading=\"lazy\" decoding=\"async\" class=\"alignnone size-full wp-image-254\" src=\"http:\/\/www.ag-jugendpflege.de\/wp-content\/uploads\/2015\/12\/Schartz.gif\" alt=\"Schartz\" width=\"150\" height=\"226\" \/><\/td>\n<\/tr>\n<tr>\n<td colspan=\"3\">der\u00a0Kinder- und Jugendarbeit &#8211; in denen es vor allem um die Verfestigung der Kompetenzen zur sozialen Integration geht &#8211; von gro\u00dfer Bedeutung. Das vorliegende Aus- und Fortbildungsprogramm f\u00fcr die au\u00dferschulische Kinder- und Jugendarbeit macht deutlich, mit welcher Themenvielfalt sich die ehrenamtlichen Mitarbeiterinnen und Mitarbeiter in der Kinder- und Jugendarbeit auseinandersetzen, um dem Bildungsanspruch der Kinder- und Jugendarbeit gerecht zu werden. Dem Netzwerk der AG Jugendpflege im Landkreis Trier-Saarburg ist an dieser Stelle zu danken, dass ein solches \u00fcbergreifendes Aus- und Fortbildungsprogramm f\u00fcr die Kinder- und Jugendarbeit im Landkreis Trier-Saarburg vorgelegt werden kann. <\/p>\n<p>Mit besten Gr\u00fc\u00dfen <br \/>G\u00dcNTHER SCHARTZ LANDRAT<\/td>\n<\/tr>\n<tr>\n<td>\u00a0<\/td>\n<td>\u00a0<\/td>\n<td>\u00a0<\/td>\n<\/tr>\n<\/tbody>\n<\/table>\n","protected":false},"excerpt":{"rendered":"<p>Gru\u00dfwort des Landerates Die Einrichtungen der Kinder- und Jugendarbeit als Erfahrungs- und Bildungsorte der Jugendhilfe im Landkreis Trier-Saarburg richten sich an alle Kinder, Jugendliche und junge Erwachsene, unabh\u00e4ngig von ihrer sozialen, ethnschen und kulturellen Zugeh\u00f6rigkeit. Sie f\u00f6rdern mit ihren Angeboten sozialen Zusammenhalt und gegenseitige Verst\u00e4ndigung. Sie sind zugleich Orte und Ausgangspunkte f\u00fcr die Beteiligung von [&hellip;]<\/p>\n","protected":false},"author":1,"featured_media":0,"parent":0,"menu_order":0,"comment_status":"closed","ping_status":"closed","template":"","meta":{"footnotes":""},"class_list":["post-46","page","type-page","status-publish","hentry"],"_links":{"self":[{"href":"https:\/\/www.ag-jugendpflege.de\/index.php?rest_route=\/wp\/v2\/pages\/46","targetHints":{"allow":["GET"]}}],"collection":[{"href":"https:\/\/www.ag-jugendpflege.de\/index.php?rest_route=\/wp\/v2\/pages"}],"about":[{"href":"https:\/\/www.ag-jugendpflege.de\/index.php?rest_route=\/wp\/v2\/types\/page"}],"author":[{"embeddable":true,"href":"https:\/\/www.ag-jugendpflege.de\/index.php?rest_route=\/wp\/v2\/users\/1"}],"replies":[{"embeddable":true,"href":"https:\/\/www.ag-jugendpflege.de\/index.php?rest_route=%2Fwp%2Fv2%2Fcomments&post=46"}],"version-history":[{"count":11,"href":"https:\/\/www.ag-jugendpflege.de\/index.php?rest_route=\/wp\/v2\/pages\/46\/revisions"}],"predecessor-version":[{"id":544,"href":"https:\/\/www.ag-jugendpflege.de\/index.php?rest_route=\/wp\/v2\/pages\/46\/revisions\/544"}],"wp:attachment":[{"href":"https:\/\/www.ag-jugendpflege.de\/index.php?rest_route=%2Fwp%2Fv2%2Fmedia&parent=46"}],"curies":[{"name":"wp","href":"https:\/\/api.w.org\/{rel}","templated":true}]}}

Grußwort Landrat

<table border="0" width="650" cellspacing="0">
<tbody>
<tr>
<td colspan="3"><strong>Grußwort des Landerates</strong></td>
</tr>
<tr valign="top">
<td align="left" valign="top">Die Einrichtungen der Kinder- und Jugendarbeit als Erfahrungs- und Bildungsorte der Jugendhilfe im Landkreis Trier-Saarburg richten sich an alle Kinder, Jugendliche und junge Erwachsene, unabhängig von ihrer sozialen, ethnschen und kulturellen Zugehörigkeit. Sie fördern mit ihren Angeboten sozialen Zusammenhalt und gegenseitige Verständigung. Sie sind zugleich Orte und Ausgangspunkte für die Beteiligung von Kindern und Jugendlichen, fördern soziales Engagement und gesellschaftliche Mitverantwortung. Nach dem so genannten „PISA-Schock&#8221; wurde der Ruf nach einem ganzheitlichen Bildungsverständnis, das über den leistungsorientierten Schulbereich hinaus auf die Stärkung der gesamten Persönlichkeit abzielt, laut. Gerade in Zeiten, in denen das sozial-kulturelle Klima mitunter stürmischer wird und tradierten Normen und Werte teilweise nicht mehr selbstverständlich sind, sind die Erfahrungs- und Bildungsorte</td>
<td valign="top"> </td>
<td valign="top"><img loading="lazy" decoding="async" class="alignnone size-full wp-image-254" src="http://www.ag-jugendpflege.de/wp-content/uploads/2015/12/Schartz.gif" alt="Schartz" width="150" height="226" /></td>
</tr>
<tr>
<td colspan="3">der Kinder- und Jugendarbeit &#8211; in denen es vor allem um die Verfestigung der Kompetenzen zur sozialen Integration geht &#8211; von großer Bedeutung. Das vorliegende Aus- und Fortbildungsprogramm für die außerschulische Kinder- und Jugendarbeit macht deutlich, mit welcher Themenvielfalt sich die ehrenamtlichen Mitarbeiterinnen und Mitarbeiter in der Kinder- und Jugendarbeit auseinandersetzen, um dem Bildungsanspruch der Kinder- und Jugendarbeit gerecht zu werden. Dem Netzwerk der AG Jugendpflege im Landkreis Trier-Saarburg ist an dieser Stelle zu danken, dass ein solches übergreifendes Aus- und Fortbildungsprogramm für die Kinder- und Jugendarbeit im Landkreis Trier-Saarburg vorgelegt werden kann. </p>
<p>Mit besten Grüßen <br />GÜNTHER SCHARTZ LANDRAT</td>
</tr>
<tr>
<td> </td>
<td> </td>
<td> </td>
</tr>
</tbody>
</table>

<p>Grußwort des Landerates Die Einrichtungen der Kinder- und Jugendarbeit als Erfahrungs- und Bildungsorte der Jugendhilfe im Landkreis Trier-Saarburg richten sich an alle Kinder, Jugendliche und junge Erwachsene, unabhängig von ihrer sozialen, ethnschen und kulturellen Zugehörigkeit. Sie fördern mit ihren Angeboten sozialen Zusammenhalt und gegenseitige Verständigung. Sie sind zugleich Orte und Ausgangspunkte für die Beteiligung von [&hellip;]</p>
